n) = 10*n**2 - 20*n - 4. Give m(2).
-4
Let n(d) = -30*d**3 - 4*d**2 + 29*d - 25. What is n(1)?
-30
Let i(d) = -2*d**2 - 14*d + 432. Give i(12).
-24
Let b(y) = -2*y + 202. Give b(20).
162
Let y(n) = 1625*n - 19511. What is y(12)?
-11
Let c(n) = -8*n**2 - 35. Determine c(5).
-235
Let f(r) = 3*r**3 - 48*r**2 + 116*r + 18. What is f(13)?
5
Let p(v) = 2*v**3 + 8*v**2 + 7*v - 18. Give p(-6).
-204
Let g(k) = -83*k - 4327. Determine g(-49).
-260
Let y(v) = -517*v**2 - 163*v + 162. Determine y(1).
-518
Let q(p) = 2*p**2 + 96*p - 657. Determine q(6).
-9
Let g(m) = -7*m**2 + 34*m + 30. Determine g(6).
-18
Let l(h) = -h**3 - 26*h**2 - 16*h + 94. Give l(-25).
-131
Let q(v) = 67*v**3 - v. What is q(-1)?
-66
Let o(a) = a**3 + 99*a**2 - 195*a + 983. Determine o(-101).
276
Let u(g) = -2*g + 121. Give u(28).
65
Let w(q) = -2*q + 8. Give w(9).
-10
Let f(d) = 82*d + 447. Give f(-10).
-373
Let r(v) = v**3 + 9*v**2 + 11*v + 26. Calculate r(-10).
-184
Let l(v) = -65*v**2 + 3124*v - 185. Determine l(48).
7
Let x(k) = -5454*k + 10908. What is x(2)?
0
Let u(h) = 25*h + 1833. What is u(-88)?
-367
Let p(r) = r**3 + 20*r**2 + 15*r - 74. Calculate p(-19).
2
Let l(z) = 37*z - 136. Give l(10).
234
Let m(o) = -20*o + 497. Give m(26).
-23
Let o(b) = 142*b + 1130. What is o(-8)?
-6
Let y(t) = -3*t**3 + 62*t**2 - 14*t - 51. Give y(21).
-786
Let x(w) = -w**2 - 21*w - 57. What is x(-17)?
11
Let k(y) = -y**3 + 4*y**2 + y + 16. Give k(6).
-50
Let t(n) = n**2 + 305*n - 1554. Determine t(5).
-4
Let p(c) = -12*c + 1517. Give p(112).
173
Let m(y) = 2*y**2 + 197*y + 1846. Determine m(-88).
-2
Let f(c) = c**3 + 5*c**2 - 1262*c - 1266. What is f(-1)?
0
Let q(s) = 90*s + 5415. Calculate q(-61).
-75
Let m(k) = 1311*k + 6432. Give m(-5).
-123
Let x(y) = 10*y**3 + 20*y**2 - 39*y + 4. Determine x(2).
86
Let o(k) = -28*k**2 + 912*k + 912. What is o(-1)?
-28
Let p(d) = -8*d**2 - 46*d - 348. Give p(-6).
-360
Let n(m) = -3*m**3 + 77*m**2 + 724*m + 71. Give n(33).
5
Let g(c) = 104*c + 463. Determine g(-7).
-265
Let m(o) = 3*o**2 - 102*o - 69. What is m(32)?
-261
Let o(x) = x**2 + 30*x + 624. What is o(-28)?
568
Let r(h) = h**3 + 26*h**2 + 123*h + 1084. Calculate r(-23).
-158
Let z(j) = 1778*j + 5343. Calculate z(-3).
9
Let v(w) = -30*w**2 - 272*w - 18. Determine v(-9).
0
Let z(r) = 2*r**2 + 16*r - 128. Determine z(5).
2
Let w(u) = u**2 - 72*u + 1238. Calculate w(44).
6
Let y(o) = -24*o**2 - 49*o - 46. Determine y(-1).
-21
Let i(f) = -6*f**2 - 73*f - 46. Determine i(-12).
-34
Let m(i) = -176*i - 13559. Give m(-77).
-7
Let q(b) = 6*b**2 + 203*b + 368. What is q(-32)?
16
Let a(s) = -22*s + 88. Calculate a(4).
0
Let d(c) = c**3 + c**2 + 14*c + 4. Determine d(-6).
-260
Let f(w) = -w**3 - 4*w**2 - 7*w - 16. Give f(-6).
98
Let z(d) = -2*d**3 + 11*d**2 - 53*d + 257. What is z(5)?
17
Let o(b) = 12*b**2 - 26*b + 89. Determine o(3).
119
Let m(s) = -37*s**3 + 113*s**2 - 6*s - 8. What is m(3)?
-8
Let l(t) = -144*t + 15706. Calculate l(109).
10
Let s(m) = -501*m - 22035. What is s(-44)?
9
Let m(n) = -2*n**2 + 45*n + 71. Calculate m(15).
296
Let m(v) = 11*v**3 + 9*v**2 - 41*v + 4. What is m(3)?
259
Let w(j) = -10*j + 111. What is w(8)?
31
Let h(a) = -1747*a**2 + 3509*a - 3. Calculate h(2).
27
Let s(h) = 2*h**3 + 26*h**2 - 45*h - 241. Calculate s(-14).
-3
Let n(q) = -q**3 + 17*q**2 + 22*q - 297. Calculate n(4).
-1
Let r(m) = 4*m**2 - m - 6. Calculate r(5).
89
Let s(d) = 106*d + 3053. Determine s(-28).
85
Let r(i) = i**2 - 17*i - 1709. Give r(52).
111
Let v(f) = f**2 + 64*f + 1009. Determine v(-27).
10
Let l(i) = 32*i**2 - 1762*i + 88. Determine l(55).
-22
Let l(d) = -d**2 + 113*d - 3187. Calculate l(60).
-7
Let w(r) = -27*r**3 + 2*r**2 + 18*r + 8. Calculate w(0).
8
Let h(p) = -p**3 + 10*p**2 - 5*p + 3. Give h(4).
79
Let a(r) = -156*r - 4162. Give a(-26).
-106
Let m(k) = 3*k**2 + 285*k + 3773. What is m(-16)?
-19
Let x(p) = -2*p**2 + 94*p + 208. Calculate x(49).
12
Let l(b) = -b**3 - 7*b**2 + 51*b + 298. Give l(-5).
-7
Let v(a) = -134*a**2 - 4695*a - 177. Give v(-35).
-2
Let b(q) = 64*q - 89. Calculate b(2).
39
Let q(u) = -u**3 - 3*u**2 + 98*u + 283. Give q(-10).
3
Let b(o) = -o**2 - 27*o + 71. Calculate b(0).
71
Let w(l) = -28*l + 90. What is w(4)?
-22
Let l(m) = -140*m + 983. Give l(7).
3
Let f(n) = -n**2 - 51*n + 143. Give f(3).
-19
Let u(j) = -20*j**2 - 10*j + 41. Calculate u(2).
-59
Let f(r) = -r**2 - r + 21. Calculate f(-4).
9
Let w(m) = 2*m**2 - 7*m - 404. What is w(17)?
55
Let z(g) = -55*g - 43. Determine z(4).
-263
Let l(y) = 13357*y - 13380. Give l(1).
-23
Let k(y) = 4*y**3 - 5*y**2 - 15*y + 23. Determine k(3).
41
Let p(d) = 59*d + 3827. Give p(-65).
-8
Let i(y) = 5*y**3 + 81*y**2 + 21*y + 22. Calculate i(-16).
-58
Let r(o) = -o**2 - 55*o - 156. Calculate r(-3).
0
Let u(t) = -t**3 - 4*t**2 + 2*t - 15. Determine u(-5).
0
Let a(m) = 5*m - 65. Give a(25).
60
Let a(t) = t**2 + 28*t - 19. Calculate a(-27).
-46
Let p(n) = -n**3 + 15*n**2 + 31*n + 62. What is p(17)?
11
Let c(b) = -2401*b - 26421. Give c(-11).
-10
Let p(c) = -c**3 - 86*c**2 - 19*c - 1660. Give p(-86).
-26
Let a(u) = 260*u + 25. What is a(-1)?
-235
Let c(u) = -7*u**3 + 2*u**2 - 57*u + 110. Calculate c(2).
-52
Let p(b) = 501*b + 261. What is p(0)?
261
Let w(u) = 2*u**3 + 9*u**2 + 7*u - 2. Determine w(-4).
-14
Let c(l) = 34*l**3 - 39*l**2 - 37*l. Determine c(-1).
-36
Let d(l) = -31*l - 176. Give d(-11).
165
Let w(a) = a**3 + 5*a**2 - 37*a - 104. What is w(-8)?
0
Let u(n) = 648*n + 92013. Determine u(-142).
-3
Let p(n) = 837*n + 1692. Determine p(-2).
18
Let j(q) = -226*q**2 - 180*q - 179. What is j(-1)?
-225
Let g(r) = -r**3 - 11*r**2 + 390*r + 38. Calculate g(-26).
38
Let w(g) = -g**3 - 8*g**2 - 28*g - 278. Calculate w(-11).
393
Let x(w) = -16083*w - 80413. What is x(-5)?
2
Let v(k) = 276*k + 566. Determine v(-2).
14
Let m(k) = -k**2 - 2411*k - 9634. What is m(-4)?
-6
Let m(r) = -2*r**2 - 13*r - 11. What is m(-5)?
4
Let v(d) = -184*d + 6425. Give v(35).
-15
Let y(l) = 5*l**2 - 266*l - 1129. Give y(-4).
15
Let g(n) = -15*n**2 + 11*n - 10. What is g(1)?
-14
Let a(z) = 333*z + 1314. What is a(-4)?
-18
Let c(a) = -7*a + 211. Give c(20).
71
Let y(s) = s**2 - 41*s - 682. Calculate y(54).
20
Let h(j) = -11*j**2 + 2114*j - 6608. Calculate h(189).
7
Let i(j) = 9*j**3 + 2*j**2 - 353*j + 351. Determine i(1).
9
Let k(q) = -q**2 - 1165*q - 19519. Determine k(-17).
-3
Let v(b) = b**2 - 9*b - 4013. Give v(-59).
-1
Let z(b) = -57*b + 176. Determine z(3).
5
Let b(i) = 49718*i - 397744. Calculate b(8).
0
Let v(i) = -22*i - 205. Calculate v(-8).
-29
Let d(j) = 113*j - 229. Determine d(5).
336
Let g(z) = 62*z - 875. Give g(14).
-7
Let x(v) = v**2 + 24*v + 66. Determine x(-12).
-78
Let p(z) = z**3 - 53*z**2 + 195*z - 15. What is p(49)?
-64
Let v(r) = r**3 - 3*r**2 - 32*r - 86. What is v(6)?
-170
Let r(k) = -521*k - 1024. Give r(-2).
18
Let v(q) = q**3 - 24*q**2 + q + 129. Calculate v(24).
153
Let y(p) = -4*p**3 + 21*p**2 + 34*p + 103. Calculate y(7).
-2
Let l(h) = 25*h**2 + 8*h - 28. Give l(3).
221
Let t(j) = -266*j + 3296. Calculate t(12).
104
Let i(f) = f**3 + 12*f**2 - 23*f - 164. Determine i(-13).
-34
Let n(g) = 3*g**3 - 109*g**2 - 73*g - 30. Calculate n(37).
7
Let n(y) = 21734*y + 152142. Determine n(-7).
4
Let u(z) = -3*z**2 - 9*z - 27. Give u(0).
-27
Let v(d) = -d**3 - 22*d**2 - 24*d - 45. Determine v(-20).
-365
Let j(r) = 2*r**2 - 51*r - 588. Calculate j(34).
-10
Let t(d) = 79*d**3 + 7*d**2 - 4*d + 11. What is t(0)?
11
Let w(r) = -r**2 - 12*r + 782. What is w(-40)?
-338
Let p(m) = -m**3 - 11*m**2 - 13*m - 52. Calculate p(-9).
-97
Let o(t) = t**3 + 3*t**2 - 44*t + 16. Calculate o(5).
-4
Let y(t) = -78*t**2 - 140*t + 8. Give y(-2).
-24
Let a(m) = -4*m + 371. What is a(92)?
3
Let y(r) = -11*r**2 + 92*r - 39. Calculate y(8).
-7
Let b(i) = 614*i + 1227. Give b(-2).
-1
Let x(p) = 220*p + 1530. Calculate x(-7).
-10
Let f(i) = 21*i**2 + 3485*i - 164. Calculate f(-166).
2
Let a(d) = d**2 - 26*d - 893. Determine a(-20).
27
Let s(q) = -2*q**2 - 106*q + 235. Give s(-55).
15
Let a(c) = -c**3 - c**2 + 15*c. What is a(7)?
-287
Let j(n) = -n**3 + 32*n**2 + 55*n - 724. Give j(33).
2
Let r(i) = -3*i**3 + 15*i**2 + 14*i + 37. What is r(-5)?
717
Let v(c) = -11*c + 366. Give v(23).
113
Let y(m) = 37*m - 279. What is y(3)?
-168
Let c(f) = 315*f + 12920. What is c(-41)?
5
Let f(h